{"id":498,"date":"2021-09-10T10:53:57","date_gmt":"2021-09-10T10:53:57","guid":{"rendered":"https:\/\/corporatewear.nepgroup.ch\/starter\/produkt\/regenjacke-windjacke\/"},"modified":"2023-01-09T14:55:17","modified_gmt":"2023-01-09T14:55:17","slug":"regenjacke-windjacke","status":"publish","type":"product","link":"https:\/\/corporatewear.nepgroup.ch\/starter\/produkt\/regenjacke-windjacke\/","title":{"rendered":"Regenjacke \/ Windjacke"},"content":{"rendered":"<p>Ultimatives Stretchgewebe mit geringem Gewicht und hoher Strapazierf\u00e4higkeit. Atmungsaktiv, wind- und wasserdicht. N\u00e4hte sind verklebt.<br \/>\nVerschluss mit wasserdichtem Rei\u00dfverschluss und inwendiger Wetterschutzleiste. Kapuze ist abnehmbar, gef\u00fcttert und mit verstellbaren<br \/>\nElastikschn\u00fcren versehen. Stehkragen mit verstellbaren Elastikschn\u00fcren. Innentasche mit Rei\u00dfverschluss. Brusttaschen mit Rei\u00dfverschluss.<br \/>\nErgonomisch geschnittene \u00c4rmel erm\u00f6glichen hohe Bewegungsfreiheit. Vordertaschen mit Rei\u00dfverschluss. R\u00fccken ist verl\u00e4ngert. Gummizug in der<br \/>\nUnterkante, regulierbar. Rippenb\u00fcndchen (verdeckt unter der Wetterschutzleiste) an den Handgelenken. Daumenl\u00f6cher am Handgelenk. Reflexeffekte.<\/p>\n<p>87% Polyamid 13% Elasthan, 200 g\/m\u00b2<\/p>\n","protected":false},"excerpt":{"rendered":"<p>Farbe: schwarz\/dunkelanthrazit<\/p>\n","protected":false},"featured_media":160,"template":"","meta":{"ocean_post_layout":"","ocean_both_sidebars_style":"","ocean_both_sidebars_content_width":0,"ocean_both_sidebars_sidebars_width":0,"ocean_sidebar":"0","ocean_second_sidebar":"0","ocean_disable_margins":"enable","ocean_add_body_class":"","ocean_shortcode_before_top_bar":"","ocean_shortcode_after_top_bar":"","ocean_shortcode_before_header":"","ocean_shortcode_after_header":"","ocean_has_shortcode":"","ocean_shortcode_after_title":"","ocean_shortcode_before_footer_widgets":"","ocean_shortcode_after_footer_widgets":"","ocean_shortcode_before_footer_bottom":"","ocean_shortcode_after_footer_bottom":"","ocean_display_top_bar":"default","ocean_display_header":"default","ocean_header_style":"","ocean_center_header_left_menu":"0","ocean_custom_header_template":"0","ocean_custom_logo":0,"ocean_custom_retina_logo":0,"ocean_custom_logo_max_width":0,"ocean_custom_logo_tablet_max_width":0,"ocean_custom_logo_mobile_max_width":0,"ocean_custom_logo_max_height":0,"ocean_custom_logo_tablet_max_height":0,"ocean_custom_logo_mobile_max_height":0,"ocean_header_custom_menu":"0","ocean_menu_typo_font_family":"0","ocean_menu_typo_font_subset":"","ocean_menu_typo_font_size":0,"ocean_menu_typo_font_size_tablet":0,"ocean_menu_typo_font_size_mobile":0,"ocean_menu_typo_font_size_unit":"px","ocean_menu_typo_font_weight":"","ocean_menu_typo_font_weight_tablet":"","ocean_menu_typo_font_weight_mobile":"","ocean_menu_typo_transform":"","ocean_menu_typo_transform_tablet":"","ocean_menu_typo_transform_mobile":"","ocean_menu_typo_line_height":0,"ocean_menu_typo_line_height_tablet":0,"ocean_menu_typo_line_height_mobile":0,"ocean_menu_typo_line_height_unit":"","ocean_menu_typo_spacing":0,"ocean_menu_typo_spacing_tablet":0,"ocean_menu_typo_spacing_mobile":0,"ocean_menu_typo_spacing_unit":"","ocean_menu_link_color":"","ocean_menu_link_color_hover":"","ocean_menu_link_color_active":"","ocean_menu_link_background":"","ocean_menu_link_hover_background":"","ocean_menu_link_active_background":"","ocean_menu_social_links_bg":"","ocean_menu_social_hover_links_bg":"","ocean_menu_social_links_color":"","ocean_menu_social_hover_links_color":"","ocean_disable_title":"default","ocean_disable_heading":"default","ocean_post_title":"","ocean_post_subheading":"","ocean_post_title_style":"","ocean_post_title_background_color":"","ocean_post_title_background":0,"ocean_post_title_bg_image_position":"","ocean_post_title_bg_image_attachment":"","ocean_post_title_bg_image_repeat":"","ocean_post_title_bg_image_size":"","ocean_post_title_height":0,"ocean_post_title_bg_overlay":0.5,"ocean_post_title_bg_overlay_color":"","ocean_disable_breadcrumbs":"default","ocean_breadcrumbs_color":"","ocean_breadcrumbs_separator_color":"","ocean_breadcrumbs_links_color":"","ocean_breadcrumbs_links_hover_color":"","ocean_display_footer_widgets":"default","ocean_display_footer_bottom":"default","ocean_custom_footer_template":"0"},"product_brand":[],"product_cat":[19],"product_tag":[46],"class_list":{"0":"post-498","1":"product","2":"type-product","3":"status-publish","4":"has-post-thumbnail","6":"product_cat-nep-starter","7":"product_tag-nep","9":"entry","10":"has-media","12":"first","13":"instock","14":"taxable","15":"shipping-taxable","16":"purchasable","17":"product-type-variable","18":"col","19":"span_1_of_4","20":"owp-content-center","21":"owp-thumbs-layout-horizontal","22":"owp-btn-very-big","23":"owp-tabs-layout-horizontal","24":"has-no-thumbnails"},"_links":{"self":[{"href":"https:\/\/corporatewear.nepgroup.ch\/starter\/wp-json\/wp\/v2\/product\/498","targetHints":{"allow":["GET"]}}],"collection":[{"href":"https:\/\/corporatewear.nepgroup.ch\/starter\/wp-json\/wp\/v2\/product"}],"about":[{"href":"https:\/\/corporatewear.nepgroup.ch\/starter\/wp-json\/wp\/v2\/types\/product"}],"wp:featuredmedia":[{"embeddable":true,"href":"https:\/\/corporatewear.nepgroup.ch\/starter\/wp-json\/wp\/v2\/media\/160"}],"wp:attachment":[{"href":"https:\/\/corporatewear.nepgroup.ch\/starter\/wp-json\/wp\/v2\/media?parent=498"}],"wp:term":[{"taxonomy":"product_brand","embeddable":true,"href":"https:\/\/corporatewear.nepgroup.ch\/starter\/wp-json\/wp\/v2\/product_brand?post=498"},{"taxonomy":"product_cat","embeddable":true,"href":"https:\/\/corporatewear.nepgroup.ch\/starter\/wp-json\/wp\/v2\/product_cat?post=498"},{"taxonomy":"product_tag","embeddable":true,"href":"https:\/\/corporatewear.nepgroup.ch\/starter\/wp-json\/wp\/v2\/product_tag?post=498"}],"curies":[{"name":"wp","href":"https:\/\/api.w.org\/{rel}","templated":true}]}}